 303. Determine u(-43).
2
Let r(n) = -138*n**2 - 2900*n - 41. Determine r(-21).
1
Let p(t) = -t**3 + 24*t**2 - 109*t + 227. Determine p(19).
-39
Let r(o) = o**3 - 18*o**2 + 3*o - 37. What is r(17)?
-275
Let w(y) = -y**3 + 44*y**2 + 143*y - 101. Determine w(47).
-7
Let w(p) = -345*p + 15158. What is w(44)?
-22
Let w(f) = 5*f + 30. What is w(-4)?
10
Let q(d) = -d**2 + 26*d - 193. What is q(19)?
-60
Let s(j) = -5*j**2 + 885*j + 8. What is s(177)?
8
Let q(s) = 13*s + 197. What is q(-16)?
-11
Let r(h) = -2*h**3 + 23*h**2 - 21*h + 8. Determine r(9).
224
Let y(h) = -55*h + 2419. What is y(41)?
164
Let y(o) = -16*o + 21. What is y(-6)?
117
Let q(t) = -t**3 - 13*t**2 - 25*t - 18. What is q(-12)?
138
Let v(n) = -n**2 + 8*n - 99. What is v(10)?
-119
Let v(x) = x**3 - 28*x**2 - 131*x + 96. Determine v(32).
0
Let u(c) = -7425*c + 96524. Determine u(13).
-1
Let o(g) = -g**3 - 17*g**2 - 21*g - 8. Give o(-4).
-132
Let p(s) = 253*s + 1269. What is p(-5)?
4
Let n(d) = d**3 - 11*d**2 + d - 25. Determine n(11).
-14
Let p(j) = -j**3 - 18*j**2 - 26*j - 115. What is p(-17)?
38
Let y(f) = 6*f**3 + 558*f**2 + 17. Determine y(-93).
17
Let n(v) = -187*v - 4853. What is n(-26)?
9
Let m(q) = -q**3 + 3*q**2 + 13*q - 15. Give m(5).
0
Let k(a) = 2*a**3 + 5*a**2 - 28*a - 140. What is k(-5)?
-125
Let s(a) = 164*a - 5252. Calculate s(32).
-4
Let l(h) = -19*h**2 + h - 62. Calculate l(0).
-62
Let f(z) = 2*z**3 + 9*z**2 - 6*z + 12. What is f(-5)?
17
Let y(w) = 20*w - 26. Calculate y(4).
54
Let z(x) = -495*x - 12396. What is z(-25)?
-21
Let u(j) = j**3 + 34*j**2 - j - 83. Give u(-34).
-49
Let a(m) = -53*m - 171. Calculate a(12).
-807
Let d(h) = -3*h + 13. Determine d(-28).
97
Let w(u) = 33*u**3 - 11*u**2 + 5*u - 5. Determine w(1).
22
Let h(l) = -1094*l - 2188. What is h(-2)?
0
Let m(b) = -2*b**2 + 381*b - 6815. Determine m(20).
5
Let x(u) = -u**3 - 52*u**2 + 613*u - 393. Determine x(-62).
41
Let s(l) = 3*l**2 + 293*l - 1335. Calculate s(-102).
-9
Let y(k) = 323*k + 62. Calculate y(-1).
-261
Let k(p) = -48*p + 230. Determine k(8).
-154
Let d(n) = -2*n + 43. Determine d(-20).
83
Let q(m) = -221*m + 2275. Give q(9).
286
Let m(w) = -w**2 - 29*w + 21. Give m(-22).
175
Let r(i) = i**3 - 18*i**2 + 33*i + 62. What is r(15)?
-118
Let c(t) = t**3 + 5*t**2 - 7*t + 6. Give c(4).
122
Let i(w) = -80*w + 6056. Calculate i(76).
-24
Let k(n) = 6*n**3 + 5*n - 13. Calculate k(2).
45
Let w(o) = 57*o**2 + 395*o - 10. Determine w(-7).
18
Let g(q) = -123*q - 13. What is g(-1)?
110
Let o(w) = -11*w**3 - 33*w**2 + 35*w - 24. Calculate o(-4).
12
Let d(l) = -186*l**2 - 33*l - 34. Determine d(-1).
-187
Let u(d) = -2*d**2 - 6*d - 43. Determine u(0).
-43
Let o(r) = -66*r + 2269. Determine o(34).
25
Let a(c) = -2*c**3 + c**2 + 28*c + 7. Calculate a(-4).
39
Let h(u) = u**3 + 43*u**2 + 462*u - 17. What is h(-24)?
-161
Let k(p) = -60*p - 426. Calculate k(-5).
-126
Let z(s) = -456*s + 3246. What is z(7)?
54
Let w(p) = -131*p**2 + 258*p + 8. Calculate w(2).
0
Let a(z) = z**2 + 61*z + 647. Determine a(-13).
23
Let z(f) = -f**3 - 10*f**2 + 318*f - 654. What is z(12)?
-6
Let u(v) = -7*v**2 + 316*v - 336. Determine u(44).
16
Let l(o) = -23*o + 1147. What is l(24)?
595
Let q(d) = -3*d**2 - 86*d - 259. Calculate q(-26).
-51
Let d(i) = -29*i**3 - 3*i**2 - 4*i - 1. Calculate d(-1).
29
Let g(y) = -y**3 - 12*y**2 + 64*y - 5. What is g(-16)?
-5
Let q(h) = -11*h**3 + 6*h**2 + 18*h + 9. Determine q(-2).
85
Let l(t) = -256*t**3 - 5*t - 4. What is l(-1)?
257
Let w(g) = -71*g**3 - 3*g**2 - 6*g - 12. Give w(-2).
556
Let q(p) = -4*p - 31. Determine q(13).
-83
Let z(q) = -18*q + 183. Calculate z(7).
57
Let l(z) = -23*z - 66. What is l(-5)?
49
Let m(k) = -5*k**2 + 192*k - 435. Calculate m(36).
-3
Let w(p) = p**3 - 18*p**2 - 35*p - 100. Calculate w(20).
0
Let d(z) = -z**3 + 5*z**2 - 3*z + 14. Calculate d(9).
-337
Let c(s) = 3*s**3 - 7*s + 20. What is c(5)?
360
Let d(g) = g**3 - 39*g**2 + 172*g - 77. What is d(34)?
-9
Let v(j) = -64542*j + 451789. Give v(7).
-5
Let o(l) = -12*l - 152. What is o(-12)?
-8
Let b(r) = -r**3 - 4*r**2 + 2*r + 13. What is b(-2)?
1
Let x(u) = -u**3 + 82*u**2 + 254*u + 90. Determine x(85).
5
Let c(j) = -j**2 + 388*j - 2300. Calculate c(6).
-8
Let x(d) = -4*d**2 + 57*d + 1378. Determine x(27).
1
Let n(h) = 2*h**3 - 20*h**2 - 21. Calculate n(10).
-21
Let v(t) = -t**3 + 50*t**2 - 217*t + 16699. Calculate v(52).
7
Let g(y) = -y**3 + 14*y**2 + 266*y - 3727. Calculate g(14).
-3
Let z(t) = 204*t + 4688. Determine z(-23).
-4
Let j(g) = g**3 - 55*g**2 - 100*g - 798. Calculate j(57).
0
Let a(f) = -158*f + 1576. Give a(10).
-4
Let l(o) = 3526*o + 17640. Determine l(-5).
10
Let o(u) = 12*u + 116. Give o(-7).
32
Let j(q) = 87*q**2 - 1568*q + 79. What is j(18)?
43
Let b(t) = 2*t**2 + 15*t - 4. Determine b(-2).
-26
Let t(j) = j**2 + 18*j + 24. Determine t(-12).
-48
Let h(t) = 21*t**2 - 24*t - 68. What is h(-3)?
193
Let s(v) = 20*v**2 - 60*v + 97. Calculate s(4).
177
Let x(k) = k**2 - 24*k - 61. Calculate x(-6).
119
Let y(l) = -l**2 - 198*l - 1519. What is y(-8)?
1
Let p(a) = -a**3 + 26*a**2 - 130*a - 69. Give p(19).
-12
Let t(x) = 154*x + 4056. Calculate t(-27).
-102
Let f(d) = 218*d - 25298. What is f(116)?
-10
Let r(w) = w**3 + w**2 - 19*w + 26. Calculate r(5).
81
Let u(m) = -m**3 - 12*m**2 - 76*m - 288. Determine u(-7).
-1
Let u(q) = -q**2 + 79*q + 158. Give u(-2).
-4
Let w(j) = -11*j**2 + j - 1. Calculate w(3).
-97
Let y(l) = -l**3 - 240*l**2 - 4795*l + 255. Calculate y(-218).
37
Let l(f) = -2*f**3 + 13*f**2 - 11*f + 25. Calculate l(6).
-5
Let s(n) = 55*n**3 - 492*n**2 - 18*n - 17. Determine s(9).
64
Let t(h) = h**3 + 48*h**2 - 265*h + 77. Calculate t(-53).
77
Let p(a) = -a**3 - 57*a**2 + 53*a - 296. Determine p(-58).
-6
Let y(d) = d**3 - 80*d**2 - 2*d + 6413. Give y(79).
14
Let k(h) = h**3 + 12*h**2 - 29*h - 13. Determine k(-14).
1
Let j(b) = -b + 59. Calculate j(24).
35
Let n(b) = 22*b**2 + 7*b - 47. What is n(4)?
333
Let y(j) = -j**3 - 21*j**2 + 24*j - 40. Give y(-22).
-84
Let w(n) = 75*n + 2305. Give w(-31).
-20
Let s(t) = -3*t**3 + 416*t**2 + 150*t - 1523. What is s(139)?
6
Let v(n) = -n**2 + 30*n + 1829. What is v(-30)?
29
Let y(j) = -j**2 - 473*j - 2799. Determine y(-6).
3
Let x(v) = 160*v - 630. What is x(4)?
10
Let i(w) = 111*w - 13768. What is i(124)?
-4
Let t(w) = -w**3 + 6*w**2 + 212*w + 64. Calculate t(18).
-8
Let l(c) = 26*c + 73. What is l(-8)?
-135
Let f(i) = -i**2 + 6*i + 46. Calculate f(11).
-9
Let y(n) = 646*n - 4514. Give y(7).
8
Let b(o) = -o**3 + 56*o**2 - 111*o + 187. Determine b(54).
25
Let h(z) = -z**3 - 17*z**2 - 54*z + 45. Calculate h(-6).
-27
Let f(i) = 4681*i + 32759. Determine f(-7).
-8
Let l(k) = 336*k - 7019. What is l(21)?
37
Let g(k) = 163*k - 260. Calculate g(2).
66
Let b(s) = 68*s + 2226. Give b(-33).
-18
Let s(t) = t**3 + 59*t**2 - 251*t + 76. What is s(-63)?
13
Let s(w) = 17*w**2 + 9*w + 10. Calculate s(-1).
18
Let a(o) = 7*o**2 + 2398*o + 1372. Give a(-342).
4
Let h(l) = l**2 + 58*l + 590. Calculate h(-30).
-250
Let f(g) = -g**3 + 27*g**2 + 26*g + 197. Calculate f(28).
141
Let l(r) = -8*r**2 + 71*r - 24. Calculate l(9).
-33
Let y(r) = 4*r**2 - 45*r + 58. Determine y(9).
-23
Let u(t) = 5207*t + 151004. Give u(-29).
1
Let h(c) = -c**2 - 15*c + 1410. Calculate h(-45).
60
Let o(k) = -2*k**3 + 20*k**2 + 4*k - 182. Give o(9).
16
Let g(l) = -41*l**2 - 726*l + 1000. Determine g(-19).
-7
Let k(t) = 2*t**3 - 513*t**2 + 773*t - 2043. Calculate k(255).
-3
Let m(l) = l**2 - 4*l - 265. What is m(-14)?
-13
Let u(l) = -3*l**3 - 9*l**2 + 31*l - 14. Determine u(-5).
-19
Let a(v) = v**3 - 4*v**2 - 82*v + 45. Determine a(12).
213
Let a(j) = -8*j**2 - 344*j + 6. Give a(-43).
6
Let m(a) = 3*a**3 - 2*a**2 - 2*a - 5. Determine m(-4).
-221
Let z(b) = b**2 + 41*b - 3707. Determine z(-84).
-95
Let n(j) = -j**2 + 20*j - 69. Calculate n(21).
-90
Let m(q) = 99*q**2 - 27*q - 29. What is m(-1)?
97
Let k(v) = 23*v - 475. Calculate k(20).
-15
Let h(l) = -77*l**2 - 1469*l + 1468. Determine h(1).
-78
Let h(m) = 547*m - 1076. Give h(2).
18
Let a(n) = -n**3 - 22*n**2 - 21*n + 6. Determine a(-21).
6
Let t(s) = -s**3 + 11*s**2 - 16*s + 17. Determine t(10).
-43
Let y(v) = -v**3 + 86*v**2 + 60*v - 5095. Calculate y(86).
65
Let b(s) = -52*s**3 - 4*s**2 - 9*s + 9. Give b(-2).
427
Let l(g) = g**2 - 16*g + 25. Calculate l(8).
